e prime factors of 1011?
3, 337
What are the prime factors of 2027?
2027
List the prime factors of 765.
3, 5, 17
List the prime factors of 3140.
2, 5, 157
What are the prime factors of 3117?
3, 1039
What are the prime factors of 381?
3, 127
What are the prime factors of 8297?
8297
List the prime factors of 6782.
2, 3391
List the prime factors of 30325.
5, 1213
What are the prime factors of 5985?
3, 5, 7, 19
List the prime factors of 7265.
5, 1453
List the prime factors of 2006.
2, 17, 59
What are the prime factors of 63503?
11, 23, 251
What are the prime factors of 62108?
2, 15527
List the prime factors of 5342.
2, 2671
List the prime factors of 2543.
2543
List the prime factors of 5553.
3, 617
What are the prime factors of 4536?
2, 3, 7
List the prime factors of 3237.
3, 13, 83
What are the prime factors of 10072?
2, 1259
List the prime factors of 539.
7, 11
List the prime factors of 61195.
5, 12239
List the prime factors of 1520.
2, 5, 19
List the prime factors of 16058.
2, 7, 31, 37
What are the prime factors of 153?
3, 17
What are the prime factors of 882?
2, 3, 7
What are the prime factors of 14741?
14741
What are the prime factors of 1119?
3, 373
What are the prime factors of 68207?
68207
What are the prime factors of 763?
7, 109
List the prime factors of 4803.
3, 1601
List the prime factors of 1339.
13, 103
What are the prime factors of 107?
107
List the prime factors of 50616.
2, 3, 19, 37
What are the prime factors of 525?
3, 5, 7
List the prime factors of 39.
3, 13
List the prime factors of 759.
3, 11, 23
List the prime factors of 37280.
2, 5, 233
List the prime factors of 31514.
2, 7, 2251
List the prime factors of 1228.
2, 307
List the prime factors of 9714.
2, 3, 1619
What are the prime factors of 47109?
3, 41, 383
What are the prime factors of 59778?
2, 3, 41
What are the prime factors of 5848?
2, 17, 43
List the prime factors of 7728.
2, 3, 7, 23
What are the prime factors of 693?
3, 7, 11
List the prime factors of 91530.
2, 3, 5, 113
What are the prime factors of 9601?
9601
List the prime factors of 1401.
3, 467
List the prime factors of 28466.
2, 43, 331
What are the prime factors of 8881?
83, 107
What are the prime factors of 15724?
2, 3931
What are the prime factors of 1527?
3, 509
What are the prime factors of 1490?
2, 5, 149
What are the prime factors of 806?
2, 13, 31
What are the prime factors of 6126?
2, 3, 1021
What are the prime factors of 674?
2, 337
What are the prime factors of 157472?
2, 7, 19, 37
What are the prime factors of 6170?
2, 5, 617
List the prime factors of 42630.
2, 3, 5, 7, 29
What are the prime factors of 5014?
2, 23, 109
List the prime factors of 3135.
3, 5, 11, 19
List the prime factors of 11967.
3, 3989
What are the prime factors of 20906?
2, 10453
List the prime factors of 598.
2, 13, 23
What are the prime factors of 44820?
2, 3, 5, 83
What are the prime factors of 1029?
3, 7
What are the prime factors of 408?
2, 3, 17
List the prime factors of 1785.
3, 5, 7, 17
List the prime factors of 25117.
25117
List the prime factors of 122976.
2, 3, 7, 61
List the prime factors of 2340.
2, 3, 5, 13
What are the prime factors of 175292?
2, 13, 3371
List the prime factors of 753.
3, 251
What are the prime factors of 2680?
2, 5, 67
What are the prime factors of 6168?
2, 3, 257
What are the prime factors of 1688?
2, 211
What are the prime factors of 80046?
2, 3, 4447
List the prime factors of 51257.
51257
List the prime factors of 221.
13, 17
What are the prime factors of 896?
2, 7
What are the prime factors of 391?
17, 23
List the prime factors of 1278.
2, 3, 71
List the prime factors of 4041.
3, 449
List the prime factors of 451.
11, 41
List the prime factors of 1009.
1009
List the prime factors of 1792.
2, 7
What are the prime factors of 1360?
2, 5, 17
What are the prime factors of 40199?
61, 659
What are the prime factors of 756?
2, 3, 7
What are the prime factors of 4961?
11, 41
What are the prime factors of 138?
2, 3, 23
What are the prime factors of 88?
2, 11
List the prime factors of 51723.
3, 7, 821
What are the prime factors of 96796?
2, 7, 3457
List the prime factors of 2767.
2767
What are the prime factors of 2047?
23, 89
List the prime factors of 57907.
79, 733
List the prime factors of 30893.
30893
List the prime factors of 967.
967
List the prime factors of 3934.
2, 7, 281
List the prime factors of 6095.
5, 23, 53
List the prime factors of 8385.
3, 5, 13, 43
What are the prime factors of 38467?
11, 13, 269
List the prime factors of 3082.
2, 23, 67
List the prime factors of 4363.
4363
What are the prime factors of 2521?
2521
What are the prime factors of 22079?
22079
List the prime factors of 1047.
3, 349
List the prime factors of 9849.
3, 7, 67
List the prime factors of 5207.
41, 127
What are the prime factors of 133463?
11, 1103
What are the prime factors of 1115?
5, 223
List the prime factors of 3688.
2, 461
List the prime factors of 736.
2, 23
What are the prime factors of 2411?
2411
List the prime factors of 24665.
5, 4933
What are the prime factors of 84?
2, 3, 7
What are the prime factors of 463?
463
List the prime factors of 10625.
5, 17
What are the prime factors of 1343?
17, 79
List the prime factors of 138717.
3, 15413
What are the prime factors of 15234?
2, 3, 2539
List the prime factors of 5671.
53, 107
What are the prime factors of 4978?
2, 19, 131
What are the prime factors of 73689?
3, 7, 11, 29
What are the prime factors of 9737?
7, 13, 107
List the prime factors of 529.
23
List the prime factors of 17226.
2, 3, 11, 29
List the prime factors of 2984.
2, 373
What are the prime factors of 38955?
3, 5, 7, 53
List the prime factors of 35923.
35923
List the prime factors of 7433.
7433
What are the prime factors of 973?
7, 139
What are the prime factors of 45222?
2, 3, 7537
List the prime factors of 290.
2, 5, 29
List the prime factors of 15784.
2, 1973
List the prime factors of 8378.
2, 59, 71
List the prime factors of 11995.
5, 2399
What are the prime factors of 23059?
23059
List the prime factors of 9107.
7, 1301
What are the prime factors of 6536?
2, 19, 43
What are the prime factors of 2614?
2, 1307
What are the prime factors of 3260?
2, 5, 163
What are the prime factors of 632?
2, 79
List the prime factors of 5258.
2, 11, 239
What are the prime factors of 2097?
3, 233
What are the prime factors of 562?
2, 281
What are the prime factors of 15168?
2, 3, 79
What are the prime factors of 546?
2, 3, 7, 13
List the prime factors of 13312.
2, 13
What are the prime factors of 39150?
2, 3, 5, 29
List the prime factors of 20081.
43, 467
What are the prime factors of 1225?
5, 7
What are the prime factors of 3093?
3, 1031
What are the prime factors of 7125?
3, 5, 19
List the prime factors of 3180.
2, 3, 5, 53
What are the prime factors of 800?
2, 5
List the prime factors of 8051.
83, 97
List the prime factors of 665.
5, 7, 19
List the prime factors of 7799.
11, 709
List the prime factors of 31369.
13, 19, 127
What are the prime factors of 1102?
2, 19, 29
What are the prime factors of 9224?
2, 1153
What are the prime factors of 15185?
5, 3037
List the prime factors of 237.
3, 79
What are the prime factors of 8224?
2, 257
List the prime factors of 5154.
2, 3, 859
List the prime factors of 32343.
3, 10781
What are the prime factors of 3394?
2, 1697
What are the prime factors of 42636?
2, 3, 11, 17, 19
List the prime factors of 5692.
2, 1423
What are the prime factors of 904?
2, 113
What are the prime factors of 27186?
2, 3, 23, 197
List the prime factors of 988.
2, 13, 19
List the prime factors of 1637.
1637
What are the prime factors of 2234?
2, 1117
What are the prime factors of 34?
2, 17
List the prime factors of 59668.
2, 7, 2131
What are the prime factors of 48077?
131, 367
What are the prime factors of 21777?
3, 7, 17, 61
List the prime factors of 4708.
2, 11, 107
What are the prime factors of 3429?
3, 127
List the prime factors of 9581.
11, 13, 67
List the prime factors of 499.
499
List the prime factors of 6573.
3, 7, 313
What are the prime factors of 9100?
2, 5, 7, 13
What are the prime factors of 1033?
1033
List the prime factors of 36.
2, 3
List the prime factors of 7870.
2, 5, 787
List the prime factors of 724.
2, 181
What are the prime factors of 923?
13, 71
List the prime fac